c**2 + 26*c - 4. What are the prime factors of g(18)?
2, 5, 7
Let r = -2 - -5. What are the prime factors of 12/(-14)*(-42)/r?
2, 3
Suppose 2*x + 9 = 3*v, 2*x = 4*v - 10 - 2. Suppose -15 = -b - x. List the prime factors of b.
3, 5
Let i(u) = 10*u - 1. Let z(r) = 10*r - 1. Let a(l) = 4*i(l) - 5*z(l). List the prime factors of a(-1).
11
Suppose 0*w = -3*w + 108. List the prime factors of -4*(-3)/(w/39).
13
Suppose -5*h + 22 = 2*w, h - 5 = -2*w + 1. Let s be (-2 + w)*(-2 - 0). Let y(r) = 4*r + 2. List the prime factors of y(s).
2, 5
Let t(r) = 4*r + 7. Let h be t(3). Let w be 0 + 0/(2/(-2)). Suppose w*j + h = j. List the prime factors of j.
19
Let z(p) = 57*p**2 - 4*p - 11. What are the prime factors of z(-2)?
3, 5
List the prime factors of 30*(0/(-2) + 1).
2, 3, 5
Let y(c) = 9*c**2 + 2. List the prime factors of y(-2).
2, 19
Let z be 16 + (1 - -1) - 3. Let x be (4/(-8))/(1/(-6)). Suppose -3*n + z = -x*p, 5*p + 1 = -4*n + 3. What are the prime factors of n?
3
Let q(w) = w - 13. Let t be q(13). Suppose 0*v = 2*c - 3*v + 6, 19 = 5*c + v. Suppose -3*f = -c*h - 3, t*h - 5*h + 11 = 3*f. List the prime factors of f.
2
Let y(j) = 3*j**2 + j. Let o be y(-2). Let l(q) = q**2 - 10*q + 8. What are the prime factors of l(o)?
2
Let f be 1/3 + (-6)/(-9). Let s(i) = 5*i**2 + i. What are the prime factors of s(f)?
2, 3
Let f be -3*(-170)/9*3. Let w be f/6 + (-2)/(-3). Suppose m - w = -4*u - 2, 0 = 2*m + 10. What are the prime factors of u?
2
Let x = 32 - 1. List the prime factors of x.
31
Suppose 0 = -5*k - 2*o + 221, 0 = -k + 2*o - 21 + 70. Suppose 5*z - 2*z - 3*v - k = 0, 5*z - 77 = 3*v. What are the prime factors of z?
2
Let l(h) = 6*h**2 - h. Let o be l(2). Let j = -6 + o. What are the prime factors of j?
2
Suppose 5*b = 207 + 208. Suppose 4*n - b = 29. List the prime factors of n.
2, 7
Let u be (0 + 2)*(2 - 0). Let r be 4/(-14) - 4/(-14). Suppose r = -n + 3 + u. List the prime factors of n.
7
Suppose -5*b + 7*f = 2*f - 885, 4*b + f = 708. What are the prime factors of b?
3, 59
Let h be (-1)/((-3)/(-60)*-2). Let q(c) = 2*c**2 - 5*c + 3. Let u be q(3). Suppose u = 2*y - h. List the prime factors of y.
2
Let u(l) = 22*l - 5. What are the prime factors of u(4)?
83
Suppose 4*w = 4 + 8, -4*w = 2*y - 60. What are the prime factors of y?
2, 3
Suppose -u + 0*l + 5*l + 20 = 0, 2*l = -u - 8. Let d(p) be the third derivative of p**6/120 - p**5/60 + p**3/2 + 3*p**2. List the prime factors of d(u).
3
Suppose -5*l + 90 = -3*l + 4*a, 5*a = -4*l + 192. List the prime factors of l.
53
List the prime factors of 620/14 - (4 + (-130)/35).
2, 11
Let q = 9 - -23. Suppose -16 = 2*w - 4*w - 5*z, 0 = -2*w + 3*z + q. What are the prime factors of w?
13
What are the prime factors of (-6 + 1)*-2*(-294)/(-30)?
2, 7
Let v be 0/(0 + (3 - 6)). Suppose -3*i = 4*k - 53, 0*k - 4*k + 8 = v. List the prime factors of i.
3, 5
Let z(j) = 3*j**3 - 3*j**2 + 3*j. Let a be z(3). Suppose 0 = -4*m + 7*m - a. Suppose 5*x - m = 9. List the prime factors of x.
2, 3
Suppose -2*o + 3 + 14 = h, -3*o + 50 = 5*h. Suppose 0 = 4*u - h*u + 12. What are the prime factors of u?
2
Suppose -3*j - j + 3*x = 3, 0 = 3*j + 5*x - 34. Suppose 0 = 2*s - 3*f - 12, 4*f = s + f - 12. Suppose j*v - 2*v - 10 = s. List the prime factors of v.
2, 5
Let f(j) = j**2 + 9*j - 2. Let q be f(-9). Let s(n) be the first derivative of 2*n**3/3 - n**2 - 3*n + 1. What are the prime factors of s(q)?
3
Let l = -16 + 32. Let j = -8 + l. What are the prime factors of j?
2
Let r = 4 + 0. Let x(j) = 1 - j**3 - 7 - 4*j**2 - j - r*j**2. List the prime factors of x(-8).
2
Let z(w) = 162*w**2 + 3*w - 2. What are the prime factors of z(1)?
163
Suppose -2*v + 0*v - 66 = -5*l, 3*v = -5*l + 51. Let r = -6 + l. List the prime factors of (-2)/(-1) + -2 + r.
2, 3
Suppose -2*r = -q - 283, 4*q + 161 = r + 30. List the prime factors of r.
11, 13
Suppose -2*m + 42 = 4*v + 10, -2*m = -4*v - 64. List the prime factors of m.
2, 3
Let d = -21 + 46. Let q = 11 + d. List the prime factors of q.
2, 3
What are the prime factors of (-10796)/(-30) - (-10)/75?
2, 3, 5
Suppose 18 = 2*f + 4*k - k, 4*k - 1 = 5*f. Suppose -3*j = -f*b + 6, 2*b + 4*j = -0 - 2. Suppose -u = -b - 4. List the prime factors of u.
5
Suppose -3*g = 194 - 1778. Suppose -4*f = -0*f - g. List the prime factors of ((-2)/6)/((-4)/f).
11
Let s(y) = 43*y - 26. What are the prime factors of s(3)?
103
Let m be (6*4)/(-3) + 1. Let p(t) = -t**2 - 9*t - 8. List the prime factors of p(m).
2, 3
Let k(r) = -r**2 - 6*r - 1. Let j be k(-5). Suppose s - 6*s = -15. Suppose 2*f + 3*f - 5*w - 15 = 0, 0 = -f + j*w - s. List the prime factors of f.
5
Suppose 0 = 4*v - 13 - 7. Let r = 9 - v. Suppose -3*n + r*h + 58 = 0, 3*n + 0*h - h - 46 = 0. What are the prime factors of n?
2, 7
Let l(n) = n + 3. Let t be l(-3). Suppose 3*g = -4*j + 32, t*j + 3*j = -5*g + 35. List the prime factors of g.
2
Let a(w) = w**2 + 2*w - 6. Let o be a(-5). Let j be 0/(-4) - ((-2)/1 - -2). Suppose -3*q + o = -j. What are the prime factors of q?
3
Let u = 73 - 4. List the prime factors of u.
3, 23
Let x(y) = 2*y + 2. Let l be x(3). Suppose 0*k - 4*k = -l. Suppose k*q = 5 - 3, 0 = -4*u + q + 27. List the prime factors of u.
7
Suppose 7*h - 4032 = -9*h. List the prime factors of h.
2, 3, 7
Let w(g) be the first derivative of 3/2*g**2 + 0*g + 1. What are the prime factors of w(1)?
3
Let p(v) = 31*v - 3. List the prime factors of p(10).
307
Let u be (-14)/(-8) + 2/8. Suppose 3*a + 69 = u*v, -a - 17 = v + 6. Let r = 35 + a. What are the prime factors of r?
2, 3
Let a(n) = n**2 + n. Let i be a(1). Suppose i*t + t + 5*v = 64, 72 = 3*t - 3*v. What are the prime factors of t?
23
Let m = 20 - -32. List the prime factors of m.
2, 13
What are the prime factors of 35/(-20)*(-112)/2?
2, 7
Let i(v) = -3*v + 28. What are the prime factors of i(-12)?
2
Let o(y) = y + 2. Let i be o(-8). Let x(j) = j**3 + 3*j**2 + j + 2. Let c be x(-3). Let n = c - i. What are the prime factors of n?
5
Let b be -3 + 3*8/3. List the prime factors of 4/10 + 58/b.
2, 3
Suppose z - 6*p - 80 = -p, 3*z = -4*p + 202. What are the prime factors of z?
2, 5, 7
Suppose -2*p - 3*k = -7, 0 = 5*p - 5*k + 2*k - 28. Suppose p*c + 13 = 178. Let n = c - 22. List the prime factors of n.
11
Let t = -6 - -8. Suppose 0 = -p - n + 15, -4*n + 25 = t*p - n. List the prime factors of p.
2, 5
Suppose -56 - 29 = 5*n. Let i = -15 - n. What are the prime factors of i?
2
Let v = -4 - -8. Suppose -v*o + 7*k = 4*k - 36, -o + 4*k - 4 = 0. List the prime factors of o.
2, 3
Suppose -4*a + a - 3*l = -3, 0 = 4*a + l - 16. Suppose 100 = a*g - 65. List the prime factors of g.
3, 11
Suppose -21 = -2*q - 9. Suppose -5*v = -5, -v - 3*v = n - q. List the prime factors of n.
2
Let z(v) = -v**3 - 11*v**2 - 15*v - 14. Let m be z(-11). Suppose 5*l - m = -51. List the prime factors of l.
2, 5
Suppose 5*f = z + 142, 5*f + 3*z - 78 = 2*f. What are the prime factors of f?
2, 7
Suppose 5*z = -5*f - 41 + 11, 0 = 4*f - 4. Let d = -19 + 33. List the prime factors of (-8 - 0)/(z/d).
2
Let o be 37 + (2 - 1 - -1). Let k = 59 - o. What are the prime factors of k?
2, 5
Let p = -452 - -672. What are the prime factors of p?
2, 5, 11
What are the prime factors of (-1600)/(-90) - 2/(-9)?
2, 3
Let s = 8 + 26. What are the prime factors of s?
2, 17
Suppose -113 = -3*v + 4*b + 19, 0 = 4*v + 5*b - 207. What are the prime factors of v?
2, 3
Let q(i) = -6*i - 16. Suppose -2*c = -3*c - 8. What are the prime factors of q(c)?
2
Let y(q) = 3*q**2 - 3*q + 3. List the prime factors of y(2).
3
Let z = 3 + -5. Let l = -2 - z. Suppose -2*u + 16 + 4 = l. List the prime factors of u.
2, 5
Suppose -4*i = -2*s - 6, -3*i = -8*i - 3*s + 13. Let x(v) = 5*v**2 + 2*v - 3. Let w be x(i). Let p = w - 1. List the prime factors of p.
2, 5
Let d be 13 - 6*(-2)/(-4). Let t = d - -11. What are the prime factors of t?
3, 7
Suppose -5 - 11 = -4*n. Let y = 9 - n. What are the prime factors of y?
5
Let x(d) = 2*d**2 + 2*d. Suppose 3*v - 2*v + t - 3 = 0, -7 = -4*v - 3*t. List the prime factors of x(v).
2
Let c = -7 - -9. Suppose -c = 2*g - 3*g. Suppose -2*r = a - 17, -a = -g*a - 5*r + 14. What are the prime factors of a?
19
Let z(m) = m**2 + 5*m - 7. Let j be z(-6). List the prime factors of 9*14/(-6)*j.
3, 7
Let z(u) = 2*u - 7. Let c be z(5). Suppose -o = c*o - 16. Suppose 0 = 